/3 - 1). Suppose 0 = 6*u - 4*u + y + 6, 2*u + 5*y = 2. Let f = a - u. What is the units digit of f?
7
Let o(n) = -6*n**3 + 6*n**2 + 5*n - 5. What is the hundreds digit of o(-3)?
1
What is the tens digit of ((-38)/2)/(2/(-2))?
1
Suppose 3*z - 6*z = 3*s - 78, -2*z = -2*s + 36. Suppose 5*c - 4*d - 23 = 21, 2*c - 28 = -d. Let l = s - c. What is the tens digit of l?
1
Let h = -1 - -5. Suppose -s - h*s + 15 = 0. Suppose -3*z = 3*w - s, 5*w = 5*z + 13 + 2. What is the units digit of w?
2
Suppose -2*h = -3*h + 1. Suppose 19 = 4*o - h. What is the units digit of o?
5
Suppose -a + 2*a - 15 = 0. Suppose -a = m - 6*m - y, 4*m - 5*y = 41. What is the units digit of m?
4
Suppose 5*q - 6 = -4*y + 3, 9 = 2*y + q. Suppose c - y*c + 35 = n, 2*n + 4*c - 46 = 0. What is the units digit of n?
5
Let c(j) = j**2 - 6*j. Let s = 5 - 7. Let o(u) = u**2 + u - 1. Let v(w) = s*o(w) + c(w). What is the tens digit of v(-6)?
1
Let n(h) = 2*h**2 + 6*h + 6. What is the units digit of n(-7)?
2
Let f = 42 - 24. Let l = f - 13. Suppose -40 = -l*u + u. What is the tens digit of u?
1
Let d(x) = -29*x**3 + x. Suppose 4*f = f - 3. What is the tens digit of d(f)?
2
Suppose -2*t = 7*b - 3*b - 434, 0 = -3*b + t + 328. Let y = b - 50. What is the units digit of y?
9
Let r = 26 + 69. What is the units digit of r?
5
Let n(j) = 2*j + 5. Let u = 18 - 13. What is the tens digit of n(u)?
1
Suppose -1 = -5*z + 9. Let a be 1/(-2)*2 - z. What is the units digit of 1/(a/((-18)/3))?
2
Suppose 272 = -3*o - 4*t, 4*o - o = 2*t - 296. Let i = o + 68. Let n = 41 + i. What is the tens digit of n?
1
Suppose -5*h - 115 = -3*t, 3*h = -h - 20. What is the units digit of t?
0
Let c be (-4)/(4/2) + 6. Suppose f = -c*f + 2*h - 38, -4*f + h = 28. What is the units digit of -4*f/4 + 0?
6
Suppose 3*f - 15 = -2*f. What is the units digit of f - (0 - (-3)/3)?
2
Suppose -4*z - z = -45. Let u be (z + 0/(-1))/1. Suppose 0 = 4*l - l + 2*g - u, -2*l + 6 = 4*g. What is the units digit of l?
3
Suppose 1561 - 485 = 4*b. What is the units digit of b?
9
Let f = -9 - -6. Let k be 30/(-4) - 3/(-6). Let g = f - k. What is the units digit of g?
4
Let y be 1 - -1 - 3/(-1). Let n(q) = -12*q - 1. Let m be n(-1). Let j = m - y. What is the units digit of j?
6
Let o = 7 - 6. Let m be 28*(-12)/(-14)*o. Suppose 3*c = 4*x - m, 18 = 4*x - 5*c + 2. What is the units digit of x?
9
Suppose -z - 10 = -8. What is the units digit of (6/z)/(24/(-88))?
1
Let w = -7 + 2. Let f be (1 - 8/6)*-24. Let t = f + w. What is the units digit of t?
3
Let n be (-1 - -11)*(-22)/(-4). Suppose -n = -3*u - 13. What is the tens digit of u?
1
Suppose -4*s - 6 + 1 = a, s + 5 = -4*a. Let v be (-26)/(-5) + s/5. Suppose 2*c + 3*r - 23 = 0, -50 = -v*c - r - 12. What is the units digit of c?
7
Let a(p) = -p + 2. Let u be a(0). Suppose 0 = -u*o - 3*o. Let j = 3 - o. What is the units digit of j?
3
Let r(c) = -3*c + 18. What is the tens digit of r(-9)?
4
Let m(w) = w - 4. Suppose -9*z + 4*z = -30. Let k be m(z). Let s = k + 13. What is the units digit of s?
5
Let c = -6 - -7. Suppose -5*a + c = 4*o, 7*a = 5*o + 2*a - 35. What is the units digit of (-1 + -2)*o/(-3)?
4
Suppose 235 = 3*s - 263. What is the tens digit of s?
6
Let g(t) = t - 1. What is the units digit of g(6)?
5
Let c(w) = w**2 - 4*w - 1. Let o be c(5). Suppose -7*m = -3*m, -5 = -z - o*m. What is the units digit of z?
5
Suppose -4*v + 7 = -77. What is the tens digit of v?
2
Let l(u) = u**3 + 2*u**2 - 3*u - 2. Let x be l(-2). Suppose -4*d = x*n - 28, 17 = 5*n + d - 34. What is the tens digit of n?
1
Let k(f) = f**2 + f - 2. Let s be k(4). Let b = s + -9. What is the units digit of b?
9
Suppose 0 = -28*s + 32*s - 1336. What is the tens digit of s?
3
Suppose 3*c - 2*c = -3*p - 21, -4*p + 5*c - 9 = 0. Let i = 4 + p. Let o = i - -14. What is the tens digit of o?
1
Let i = -26 + 71. Suppose 3*s = i + 9. What is the tens digit of s?
1
Let d(h) = -1 + 2*h**3 - h**3 - 2*h**3. What is the units digit of d(-2)?
7
Let m(v) = -v**3 - 2*v**2 + 6*v + 3. Let y be m(-4). Let n = y + -8. What is the units digit of n?
3
Suppose -q + 4*n - 8 = 0, -q + 0*n = -2*n. Let u(o) = o**2 - 7*o + 4. What is the tens digit of u(q)?
1
Let h be (-392)/(-18) - 2/(-9). Suppose -j = -1 - 1. Suppose 5*r = j*n - 56, -n = -5*r - h - 16. What is the units digit of n?
8
Let d(j) = 2*j**2 + 10*j + 9. What is the units digit of d(-7)?
7
Suppose 80 = 5*g - 5*t, -g + 44 = 3*g + t. What is the units digit of 3/g + 30/8?
4
Let b(t) = -t + 2. Let v be b(2). Let j(k) = 2*k**2 - 9*k - 10. Let z be j(7). Suppose 5*w = -v*w + z. What is the units digit of w?
5
Let g(t) = t + 16. What is the tens digit of g(12)?
2
Let p(y) = 4*y**2 + 7*y - 8. Let s(c) = 11*c**2 + 21*c - 23. Let r(k) = 8*p(k) - 3*s(k). What is the units digit of r(-6)?
1
Suppose 2*w + 4*m - 2 = 0, 0 = -2*w - 2*m - 2 - 0. What is the units digit of -18*w/(18/8)?
4
Let l(o) be the second derivative of o**4/6 - o**3/2 - o**2 + 5*o. What is the tens digit of l(4)?
1
Suppose 4*n - 52 = 3*i, n - 3*n - 44 = 2*i. Let g = i - -53. What is the units digit of g?
3
Let x = -1 - -26. What is the units digit of x?
5
Suppose 2*q + 170 = 3*q + x, -492 = -3*q + 3*x. What is the units digit of q?
7
Suppose 7*o - 8*o = 8. Let a(d) = d**2 - 3. Let j be a(o). Suppose 141 = 5*s + j. What is the units digit of s?
6
Let f be ((-1)/2)/(1/(-96)). Suppose 2*x + 2*l = 5*l + 48, 2*x - f = -3*l. What is the units digit of x?
4
Suppose -a + 101 = y, -302 = -5*a + 2*a - 2*y. Suppose 0*t = 4*t - a. Suppose 2*q = t + 1. What is the tens digit of q?
1
Let m = 73 + -7. What is the tens digit of m?
6
Let a = -11 - -15. What is the units digit of 6*(-3)/((-18)/a)?
4
Let p = 43 + -13. Suppose 3*k = 5*k - p. Suppose j + f - k = -2*f, 0 = 4*j + 5*f - 32. What is the units digit of j?
3
Let w(f) = 13*f - 2. Let c be w(4). Suppose 6*j = j + c. What is the units digit of j?
0
Suppose 0 = -3*j + 39 + 3. Suppose b + 3*b = -32. Let n = b + j. What is the units digit of n?
6
What is the units digit of 73 + (-6 + 4)*2?
9
Let m(a) = 10*a**2 + 12*a - 12. What is the hundreds digit of m(4)?
1
Let q(i) = 4*i**3 - i - 2. What is the units digit of q(2)?
8
Let h(x) = 2*x - 1. Let i be h(3). What is the units digit of ((-1)/1)/((-1)/i)?
5
Let q be (-6)/(-2) - (-12)/4. Let o(i) = 2*i**2 - 6*i + 3. What is the tens digit of o(q)?
3
Let i = -6 - -38. Suppose 0 = 3*r + r - i. What is the units digit of r?
8
Suppose -5*r - 2*h = 13, r - 3*h = -2*r - 12. Let v = r + 11. Suppose 2*k - 24 - v = 0. What is the tens digit of k?
1
Let x be (-112)/(-11) - (-2)/(-11). What is the tens digit of ((-16)/x - -2)*120?
4
Let u(w) = -1 + 2*w + 0*w - 2*w + 3*w. What is the units digit of u(3)?
8
What is the units digit of (-15)/3 + 5 + 268?
8
Suppose 4*w = 47 + 65. Suppose 5*u - 90 = 5*n, -u + 2*u - w = -n. Suppose u + 37 = 3*h. What is the units digit of h?
0
Let t(z) = 6*z. Let f be t(3). Let h = f - -7. What is the tens digit of h?
2
Let j be 3/(-1) + 92/4. Let s = j + -3. What is the tens digit of s?
1
Suppose q = -q - 8, -f + 3*q - 24 = 0. Let c = f + 52. What is the units digit of c?
6
Let j(p) = 2*p + 2. Let n be j(-2). Let m be n - (3 + -2 - 6). Suppose m*w = -2*k + 10, 4*w - k = 44 - 16. What is the units digit of w?
6
Let p = 13 + -22. Let o(s) = s**3 + 8*s**2 - 11*s - 8. What is the units digit of o(p)?
0
Let m be 0 + -1 + 1 + -3. Let l = m - -14. What is the tens digit of l?
1
Let q be (-12)/20 - 1413/(-5). Suppose v + q = 7*v. What is the units digit of v?
7
Suppose 0 = -5*i + 5*c + 430, c + 3*c = 0. Let p = -37 + i. What is the units digit of 525/p + (-2)/(-7)?
1
Let b = 230 - 5. What is the hundreds digit of b?
2
Let k be ((-1 - -8) + -2)*1. Suppose -3*z + 5*z = 6. Suppose k*i = z*i + 6. What is the units digit of i?
3
Suppose 11*u = 16*u - 470. What is the tens digit of u?
9
Let x(y) be the first derivative of -2*y**2 - 4. What is the units digit of x(-2)?
8
Suppose r + 2 - 4 = 0. Suppose -2*h - 4 = -a, r*a + 1 = -0*a - 5*h. What is the units digit of a?
2
Let i(p) = -p**2 + 11*p - 3. Let z be i(11). Let o(h) = -3*h - 1. What is the units digit of o(z)?
8
Let g be ((-3)/2)/(3/(-6)). Suppose -t + 4*s + 31 = 0, 5*t - t - g*s = 137. Suppose 5*l = 3*k + 2*k + t, 20 = -5*k. What is the units digit of l?
3
Suppose -3 = -3*k + 3. Suppose -2*l + k = -l. What 